{"id":333,"date":"2024-05-21T12:06:45","date_gmt":"2024-05-21T12:06:45","guid":{"rendered":"https:\/\/academy.effseit.com\/?page_id=333"},"modified":"2025-07-02T15:07:47","modified_gmt":"2025-07-02T15:07:47","slug":"pourquoi-effseit-academy","status":"publish","type":"page","link":"https:\/\/academy.effseit.com\/?page_id=333","title":{"rendered":"Pourquoi EFFSEIT"},"content":{"rendered":"\n<p class=\"has-text-color has-link-color wp-elements-b30ffa25b9b7e3866334457502021a1d\" style=\"color:#055384a1;font-size:26px\"><strong>Qui sommes nous?<\/strong><\/p>\n\n\n\n<div style=\"height:27px\" aria-hidden=\"true\" class=\"wp-block-spacer\"><\/div>\n\n\n\n<p class=\"parag\">Chez EFFSEIT ACCESS, nous sommes fiers de notre engagement envers la protection des entreprises contre les menaces num\u00e9riques.<\/p>\n\n\n\n<p class=\"parag\">Gr\u00e2ce \u00e0 notre expertise et notre exp\u00e9rience dans le domaine de la cybers\u00e9curit\u00e9, nous avons cr\u00e9\u00e9 EFFSEIT ACADEMY pour r\u00e9pondre au besoin grandissant de formation introduisant la s\u00e9curit\u00e9 informatique en entreprise.<\/p>\n\n\n\n<div style=\"height:79px\" aria-hidden=\"true\" class=\"wp-block-spacer\"><\/div>\n\n\n\n<p class=\"has-text-color has-link-color wp-elements-f5ab217f2e895e910990abdcdfae76e4\" style=\"color:#055384a1;font-size:26px\"><strong>Histoire de l&rsquo;entreprise<\/strong><\/p>\n\n\n\n<div style=\"height:33px\" aria-hidden=\"true\" class=\"wp-block-spacer\"><\/div>\n\n\n\n<p class=\"parag\">EFFSEIT ACCESS a \u00e9t\u00e9 fond\u00e9e dans l&rsquo;optique de fournir des solutions compl\u00e8tes et efficaces de cybers\u00e9curit\u00e9 aux entreprises de toutes tailles.<\/p>\n\n\n\n<p class=\"parag\">Au fil des ans, nous avons \u00e9volu\u00e9 afin d&rsquo;offrir une gamme vari\u00e9e de services, allant de la protection contre les cybermenaces \u00e0 des solutions de s\u00e9curit\u00e9s adapt\u00e9es \u00e0 nos clients.<\/p>\n\n\n\n<p class=\"parag\">La cr\u00e9ation de notre fili\u00e8re EFFSEIT ACADEMY repr\u00e9sente une \u00e9tape majeure dans notre \u00e9volution, et vise \u00e0 former les professionnels pour les pr\u00e9parer \u00e0 de potentielles attaques informatiques.<\/p>\n\n\n\n<div style=\"height:82px\" aria-hidden=\"true\" class=\"wp-block-spacer\"><\/div>\n\n\n\n<p class=\"has-text-color has-link-color wp-elements-551889b397805e5121a59954bbb59d5d\" style=\"color:#055384a1;font-size:26px\"><strong>T\u00e9moignages clients<\/strong><\/p>\n\n\n\n<div style=\"height:33px\" aria-hidden=\"true\" class=\"wp-block-spacer\"><\/div>\n\n\n\n<div class=\"wp-block-columns is-layout-flex wp-container-core-columns-is-layout-9d6595d7 wp-block-columns-is-layout-flex\">\n<div class=\"wp-block-column is-layout-flow wp-block-column-is-layout-flow\">\n<div class=\"wp-block-cover is-light has-parallax has-white-color has-text-color has-link-color wp-elements-d932887dd62917a87ee1fe99310be8db wp-duotone-dark-grayscale\"><div class=\"wp-block-cover__image-background wp-image-1671 has-parallax\" style=\"background-position:50% 50%;background-image:url(https:\/\/academy.effseit.com\/wp-content\/uploads\/2024\/06\/white-and-grey-background-abstract-modern-background-used-about-technology-or-product-presentation-backdrop-illustration-vector.jpg)\"><\/div><span aria-hidden=\"true\" class=\"wp-block-cover__background has-background-dim-30 has-background-dim\" style=\"background-color:#055384\"><\/span><div class=\"wp-block-cover__inner-container is-layout-flow wp-block-cover-is-layout-flow\">\n<p class=\"has-text-align-center parag2\" style=\"font-size:14px;font-style:normal;font-weight:300;letter-spacing:2px\">\u00ab\u00a0EFFSEIT ACADEMY a chang\u00e9 notre approche de la cybers\u00e9curit\u00e9. Gr\u00e2ce \u00e0 leurs formations compl\u00e8tes et \u00e0 jour, notre \u00e9quipe est d\u00e9sormais capable de d\u00e9tecter et neutraliser les menaces beaucoup plus rapidement. Nous avons pu am\u00e9liorer notre s\u00e9curit\u00e9 de mani\u00e8re significative, ce qui est essentiel dans notre secteur.\u00a0\u00bb<\/p>\n<\/div><\/div>\n<\/div>\n\n\n\n<div class=\"wp-block-column is-layout-flow wp-block-column-is-layout-flow\">\n<div class=\"wp-block-cover has-parallax wp-duotone-dark-grayscale\"><div class=\"wp-block-cover__image-background wp-image-1671 size-full has-parallax\" style=\"background-position:50% 50%;background-image:url(https:\/\/academy.effseit.com\/wp-content\/uploads\/2024\/06\/white-and-grey-background-abstract-modern-background-used-about-technology-or-product-presentation-backdrop-illustration-vector.jpg)\"><\/div><span aria-hidden=\"true\" class=\"wp-block-cover__background has-background-dim-30 has-background-dim\" style=\"background-color:#055384\"><\/span><div class=\"wp-block-cover__inner-container is-layout-flow wp-block-cover-is-layout-flow\">\n<p class=\"has-text-align-center parag2 has-white-color has-text-color has-link-color wp-elements-396d253c317288d8fd87fd61cb2815f9\" style=\"font-size:14px;font-style:normal;font-weight:300;letter-spacing:2px\">\u00ab\u00a0Apr\u00e8s avoir suivi les formations propos\u00e9es par EFFSEIT ACADEMY, nous avons pu noter une r\u00e9duction de 75 % des incidents de s\u00e9curit\u00e9. Cela a renforc\u00e9 la confiance de nos clients, mais cela a \u00e9galement eu un impact important sur notre chiffre d&rsquo;affaires.\u00a0\u00bb<\/p>\n<\/div><\/div>\n<\/div>\n\n\n\n<div class=\"wp-block-column is-layout-flow wp-block-column-is-layout-flow\">\n<div class=\"wp-block-cover is-light has-parallax has-white-color has-text-color has-link-color has-small-font-size wp-elements-5f5e90ba0c3637227be44698cca550d0 wp-duotone-dark-grayscale\"><div class=\"wp-block-cover__image-background wp-image-1671 has-parallax\" style=\"background-position:50% 50%;background-image:url(https:\/\/academy.effseit.com\/wp-content\/uploads\/2024\/06\/white-and-grey-background-abstract-modern-background-used-about-technology-or-product-presentation-backdrop-illustration-vector.jpg)\"><\/div><span aria-hidden=\"true\" class=\"wp-block-cover__background has-background-dim-30 has-background-dim\" style=\"background-color:#055384\"><\/span><div class=\"wp-block-cover__inner-container is-layout-flow wp-block-cover-is-layout-flow\">\n<p class=\"has-text-align-center parag2\" style=\"font-size:14px;font-style:normal;font-weight:300;letter-spacing:2px\">\u00ab\u00a0Nous avons fait appel \u00e0 EFFSEIT ACADEMY pour former notre personnel et mettre en place des protocoles de s\u00e9curit\u00e9 efficaces. Les r\u00e9sultats ont \u00e9t\u00e9 rapides : une diminution des vuln\u00e9rabilit\u00e9s et une \u00e9quipe plus confiante et comp\u00e9tente. EFFSEIT ACADEMY est un partenaire indispensable pour toute entreprise se souciant de sa s\u00e9curit\u00e9 num\u00e9rique.\u00a0\u00bb<\/p>\n<\/div><\/div>\n<\/div>\n<\/div>\n\n\n\n<div style=\"height:108px\" aria-hidden=\"true\" class=\"wp-block-spacer\"><\/div>\n\n\n\n<p class=\"has-text-color has-link-color wp-elements-e95d07fd398619e920c6f7b85d6a9fbb\" style=\"color:#055384a1;font-size:26px\"><strong>Valeurs et engagements<\/strong><\/p>\n\n\n\n<div style=\"height:33px\" aria-hidden=\"true\" class=\"wp-block-spacer\"><\/div>\n\n\n\n<p class=\"parag\">Nous croyons en l&rsquo;importance de la s\u00e9curit\u00e9 et de l&rsquo;innovation. Chez EFFSEIT ACCESS, notre engagement est de placer la s\u00e9curit\u00e9 de nos clients au centre de nos pr\u00e9occupations.<\/p>\n\n\n\n<p class=\"parag\">Nous nous engageons \u00e0 fournir des formations de haute qualit\u00e9, et les meilleures pratiques du secteur, pour s&rsquo;assurer que nos clients poss\u00e8dent les connaissances et des comp\u00e9tences pour prot\u00e9ger leurs donn\u00e9es.<\/p>\n\n\n\n<div style=\"height:82px\" aria-hidden=\"true\" class=\"wp-block-spacer\"><\/div>\n\n\n\n<p class=\"has-text-color has-link-color wp-elements-1832d292f04565c33d7b36746b63d69f\" style=\"color:#055384a1;font-size:26px\"><strong>Engagement qualit\u00e9<\/strong><\/p>\n\n\n\n<div style=\"height:33px\" aria-hidden=\"true\" class=\"wp-block-spacer\"><\/div>\n\n\n\n<div class=\"wp-block-columns is-layout-flex wp-container-core-columns-is-layout-9d6595d7 wp-block-columns-is-layout-flex\">\n<div class=\"wp-block-column is-layout-flow wp-block-column-is-layout-flow\">\n<h3 class=\"wp-block-heading has-text-color has-link-color wp-elements-a344d08536d19c27b6e33c044b5cbc62\" style=\"color:#051c85ba\">Certification Qualiopi<\/h3>\n\n\n\n<div class=\"wp-block-media-text is-stacked-on-mobile\" style=\"grid-template-columns:42% auto\"><figure class=\"wp-block-media-text__media\"><img fetchpriority=\"high\" decoding=\"async\" width=\"1024\" height=\"577\" src=\"https:\/\/academy.effseit.com\/wp-content\/uploads\/2024\/05\/effseit_cover-1024x577.jpg\" alt=\"\" class=\"wp-image-688 size-full\" srcset=\"https:\/\/academy.effseit.com\/wp-content\/uploads\/2024\/05\/effseit_cover-1024x577.jpg 1024w, https:\/\/academy.effseit.com\/wp-content\/uploads\/2024\/05\/effseit_cover-600x338.jpg 600w, https:\/\/academy.effseit.com\/wp-content\/uploads\/2024\/05\/effseit_cover-300x169.jpg 300w, https:\/\/academy.effseit.com\/wp-content\/uploads\/2024\/05\/effseit_cover-768x433.jpg 768w, https:\/\/academy.effseit.com\/wp-content\/uploads\/2024\/05\/effseit_cover-1536x865.jpg 1536w, https:\/\/academy.effseit.com\/wp-content\/uploads\/2024\/05\/effseit_cover.jpg 1640w\" sizes=\"(max-width: 1024px) 100vw, 1024px\" \/><\/figure><div class=\"wp-block-media-text__content\">\n<p>Nous sommes fiers de pouvoir vendre une formation de qualit\u00e9, gr\u00e2ce \u00e0 notre certification Qualiopi, une reconnaissance officielle de la qualit\u00e9 de nos processus de formation.<\/p>\n\n\n\n<div class=\"wp-block-buttons is-content-justification-right is-layout-flex wp-container-core-buttons-is-layout-255577d1 wp-block-buttons-is-layout-flex\">\n<div class=\"wp-block-button has-custom-width wp-block-button__width-100\"><a class=\"wp-block-button__link has-small-font-size has-custom-font-size wp-element-button\">Afficher le certificat<\/a><\/div>\n<\/div>\n<\/div><\/div>\n\n\n\n<div style=\"height:33px\" aria-hidden=\"true\" class=\"wp-block-spacer\"><\/div>\n\n\n\n<h3 class=\"wp-block-heading has-text-color has-link-color wp-elements-c395b218fe107240a5fd1614b03bd86e\" style=\"color:#051c85ba\"><strong>_<\/strong>__<\/h3>\n\n\n\n<div class=\"wp-block-media-text has-media-on-the-right is-stacked-on-mobile\" style=\"grid-template-columns:auto 42%\"><div class=\"wp-block-media-text__content\">\n<p>___<\/p>\n<\/div><figure class=\"wp-block-media-text__media\"><img fetchpriority=\"high\" decoding=\"async\" width=\"1024\" height=\"577\" src=\"https:\/\/academy.effseit.com\/wp-content\/uploads\/2024\/05\/effseit_cover-1024x577.jpg\" alt=\"\" class=\"wp-image-688 size-full\" srcset=\"https:\/\/academy.effseit.com\/wp-content\/uploads\/2024\/05\/effseit_cover-1024x577.jpg 1024w, https:\/\/academy.effseit.com\/wp-content\/uploads\/2024\/05\/effseit_cover-600x338.jpg 600w, https:\/\/academy.effseit.com\/wp-content\/uploads\/2024\/05\/effseit_cover-300x169.jpg 300w, https:\/\/academy.effseit.com\/wp-content\/uploads\/2024\/05\/effseit_cover-768x433.jpg 768w, https:\/\/academy.effseit.com\/wp-content\/uploads\/2024\/05\/effseit_cover-1536x865.jpg 1536w, https:\/\/academy.effseit.com\/wp-content\/uploads\/2024\/05\/effseit_cover.jpg 1640w\" sizes=\"(max-width: 1024px) 100vw, 1024px\" \/><\/figure><\/div>\n\n\n\n<div style=\"height:33px\" aria-hidden=\"true\" class=\"wp-block-spacer\"><\/div>\n\n\n\n<h3 class=\"wp-block-heading has-text-color has-link-color wp-elements-449246940d10804c67e70dea627d7499\" style=\"color:#051c85ba\"><strong><strong>_<\/strong><\/strong>__<\/h3>\n\n\n\n<div class=\"wp-block-media-text is-stacked-on-mobile\" style=\"grid-template-columns:42% auto\"><figure class=\"wp-block-media-text__media\"><img fetchpriority=\"high\" decoding=\"async\" width=\"1024\" height=\"577\" src=\"https:\/\/academy.effseit.com\/wp-content\/uploads\/2024\/05\/effseit_cover-1024x577.jpg\" alt=\"\" class=\"wp-image-688 size-full\" srcset=\"https:\/\/academy.effseit.com\/wp-content\/uploads\/2024\/05\/effseit_cover-1024x577.jpg 1024w, https:\/\/academy.effseit.com\/wp-content\/uploads\/2024\/05\/effseit_cover-600x338.jpg 600w, https:\/\/academy.effseit.com\/wp-content\/uploads\/2024\/05\/effseit_cover-300x169.jpg 300w, https:\/\/academy.effseit.com\/wp-content\/uploads\/2024\/05\/effseit_cover-768x433.jpg 768w, https:\/\/academy.effseit.com\/wp-content\/uploads\/2024\/05\/effseit_cover-1536x865.jpg 1536w, https:\/\/academy.effseit.com\/wp-content\/uploads\/2024\/05\/effseit_cover.jpg 1640w\" sizes=\"(max-width: 1024px) 100vw, 1024px\" \/><\/figure><div class=\"wp-block-media-text__content\">\n<p>___<\/p>\n<\/div><\/div>\n\n\n\n<div style=\"height:33px\" aria-hidden=\"true\" class=\"wp-block-spacer\"><\/div>\n\n\n\n<h3 class=\"wp-block-heading has-text-color has-link-color wp-elements-ba1ea198707f6ff75ddc3b0d1e4e8aaf\" style=\"color:#051c85ba\"><strong><strong><strong>_<\/strong><\/strong><\/strong>__<\/h3>\n\n\n\n<div class=\"wp-block-media-text has-media-on-the-right is-stacked-on-mobile\" style=\"grid-template-columns:auto 42%\"><div class=\"wp-block-media-text__content\">\n<p>___<\/p>\n<\/div><figure class=\"wp-block-media-text__media\"><img fetchpriority=\"high\" decoding=\"async\" width=\"1024\" height=\"577\" src=\"https:\/\/academy.effseit.com\/wp-content\/uploads\/2024\/05\/effseit_cover-1024x577.jpg\" alt=\"\" class=\"wp-image-688 size-full\" srcset=\"https:\/\/academy.effseit.com\/wp-content\/uploads\/2024\/05\/effseit_cover-1024x577.jpg 1024w, https:\/\/academy.effseit.com\/wp-content\/uploads\/2024\/05\/effseit_cover-600x338.jpg 600w, https:\/\/academy.effseit.com\/wp-content\/uploads\/2024\/05\/effseit_cover-300x169.jpg 300w, https:\/\/academy.effseit.com\/wp-content\/uploads\/2024\/05\/effseit_cover-768x433.jpg 768w, https:\/\/academy.effseit.com\/wp-content\/uploads\/2024\/05\/effseit_cover-1536x865.jpg 1536w, https:\/\/academy.effseit.com\/wp-content\/uploads\/2024\/05\/effseit_cover.jpg 1640w\" sizes=\"(max-width: 1024px) 100vw, 1024px\" \/><\/figure><\/div>\n<\/div>\n<\/div>\n\n\n\n<div class=\"wp-block-columns is-layout-flex wp-container-core-columns-is-layout-9d6595d7 wp-block-columns-is-layout-flex\">\n<div class=\"wp-block-column is-layout-flow wp-block-column-is-layout-flow\"><\/div>\n<\/div>\n","protected":false},"excerpt":{"rendered":"<p>Qui sommes nous? Chez EFFSEIT ACCESS, nous sommes fiers de notre engagement envers la protection des entreprises contre les menaces num\u00e9riques. Gr\u00e2ce \u00e0 notre expertise et notre exp\u00e9rience dans le domaine de la cybers\u00e9curit\u00e9, nous avons cr\u00e9\u00e9 EFFSEIT ACADEMY pour r\u00e9pondre au besoin grandissant de formation introduisant la s\u00e9curit\u00e9 informatique en entreprise. Histoire de l&rsquo;entreprise&hellip; <br \/> <a class=\"read-more\" href=\"https:\/\/academy.effseit.com\/?page_id=333\">Lire la suite<\/a><\/p>\n","protected":false},"author":1,"featured_media":0,"parent":0,"menu_order":0,"comment_status":"closed","ping_status":"closed","template":"","meta":{"footnotes":""},"class_list":["post-333","page","type-page","status-publish","hentry"],"yoast_head":"<!-- This site is optimized with the Yoast SEO plugin v27.4 - https:\/\/yoast.com\/product\/yoast-seo-wordpress\/ -->\n<title>Pourquoi EFFSEIT - EFFSEIT ACADEMY<\/title>\n<meta name=\"robots\" content=\"index, follow, max-snippet:-1, max-image-preview:large, max-video-preview:-1\" \/>\n<link rel=\"canonical\" href=\"https:\/\/academy.effseit.com\/?page_id=333\" \/>\n<meta property=\"og:locale\" content=\"fr_FR\" \/>\n<meta property=\"og:type\" content=\"article\" \/>\n<meta property=\"og:title\" content=\"Pourquoi EFFSEIT - EFFSEIT ACADEMY\" \/>\n<meta property=\"og:description\" content=\"Qui sommes nous? Chez EFFSEIT ACCESS, nous sommes fiers de notre engagement envers la protection des entreprises contre les menaces num\u00e9riques. Gr\u00e2ce \u00e0 notre expertise et notre exp\u00e9rience dans le domaine de la cybers\u00e9curit\u00e9, nous avons cr\u00e9\u00e9 EFFSEIT ACADEMY pour r\u00e9pondre au besoin grandissant de formation introduisant la s\u00e9curit\u00e9 informatique en entreprise. Histoire de l&rsquo;entreprise&hellip; Lire la suite\" \/>\n<meta property=\"og:url\" content=\"https:\/\/academy.effseit.com\/?page_id=333\" \/>\n<meta property=\"og:site_name\" content=\"EFFSEIT ACADEMY\" \/>\n<meta property=\"article:modified_time\" content=\"2025-07-02T15:07:47+00:00\" \/>\n<meta property=\"og:image\" content=\"https:\/\/academy.effseit.com\/wp-content\/uploads\/2024\/05\/effseit_cover.jpg\" \/>\n\t<meta property=\"og:image:width\" content=\"1640\" \/>\n\t<meta property=\"og:image:height\" content=\"924\" \/>\n\t<meta property=\"og:image:type\" content=\"image\/jpeg\" \/>\n<meta name=\"twitter:card\" content=\"summary_large_image\" \/>\n<meta name=\"twitter:label1\" content=\"Dur\u00e9e de lecture estim\u00e9e\" \/>\n\t<meta name=\"twitter:data1\" content=\"3 minutes\" \/>\n<script type=\"application\/ld+json\" class=\"yoast-schema-graph\">{\"@context\":\"https:\\\/\\\/schema.org\",\"@graph\":[{\"@type\":\"WebPage\",\"@id\":\"https:\\\/\\\/academy.effseit.com\\\/?page_id=333\",\"url\":\"https:\\\/\\\/academy.effseit.com\\\/?page_id=333\",\"name\":\"Pourquoi EFFSEIT - EFFSEIT ACADEMY\",\"isPartOf\":{\"@id\":\"https:\\\/\\\/academy.effseit.com\\\/#website\"},\"primaryImageOfPage\":{\"@id\":\"https:\\\/\\\/academy.effseit.com\\\/?page_id=333#primaryimage\"},\"image\":{\"@id\":\"https:\\\/\\\/academy.effseit.com\\\/?page_id=333#primaryimage\"},\"thumbnailUrl\":\"https:\\\/\\\/academy.effseit.com\\\/wp-content\\\/uploads\\\/2024\\\/05\\\/effseit_cover-1024x577.jpg\",\"datePublished\":\"2024-05-21T12:06:45+00:00\",\"dateModified\":\"2025-07-02T15:07:47+00:00\",\"breadcrumb\":{\"@id\":\"https:\\\/\\\/academy.effseit.com\\\/?page_id=333#breadcrumb\"},\"inLanguage\":\"fr-FR\",\"potentialAction\":[{\"@type\":\"ReadAction\",\"target\":[\"https:\\\/\\\/academy.effseit.com\\\/?page_id=333\"]}]},{\"@type\":\"ImageObject\",\"inLanguage\":\"fr-FR\",\"@id\":\"https:\\\/\\\/academy.effseit.com\\\/?page_id=333#primaryimage\",\"url\":\"https:\\\/\\\/academy.effseit.com\\\/wp-content\\\/uploads\\\/2024\\\/05\\\/effseit_cover.jpg\",\"contentUrl\":\"https:\\\/\\\/academy.effseit.com\\\/wp-content\\\/uploads\\\/2024\\\/05\\\/effseit_cover.jpg\",\"width\":1640,\"height\":924},{\"@type\":\"BreadcrumbList\",\"@id\":\"https:\\\/\\\/academy.effseit.com\\\/?page_id=333#breadcrumb\",\"itemListElement\":[{\"@type\":\"ListItem\",\"position\":1,\"name\":\"Accueil\",\"item\":\"https:\\\/\\\/academy.effseit.com\\\/\"},{\"@type\":\"ListItem\",\"position\":2,\"name\":\"Pourquoi EFFSEIT\"}]},{\"@type\":\"WebSite\",\"@id\":\"https:\\\/\\\/academy.effseit.com\\\/#website\",\"url\":\"https:\\\/\\\/academy.effseit.com\\\/\",\"name\":\"EFFSEIT ACADEMY\",\"description\":\"Votre formation, Votre protection\",\"potentialAction\":[{\"@type\":\"SearchAction\",\"target\":{\"@type\":\"EntryPoint\",\"urlTemplate\":\"https:\\\/\\\/academy.effseit.com\\\/?s={search_term_string}\"},\"query-input\":{\"@type\":\"PropertyValueSpecification\",\"valueRequired\":true,\"valueName\":\"search_term_string\"}}],\"inLanguage\":\"fr-FR\"}]}<\/script>\n<!-- \/ Yoast SEO plugin. -->","yoast_head_json":{"title":"Pourquoi EFFSEIT - EFFSEIT ACADEMY","robots":{"index":"index","follow":"follow","max-snippet":"max-snippet:-1","max-image-preview":"max-image-preview:large","max-video-preview":"max-video-preview:-1"},"canonical":"https:\/\/academy.effseit.com\/?page_id=333","og_locale":"fr_FR","og_type":"article","og_title":"Pourquoi EFFSEIT - EFFSEIT ACADEMY","og_description":"Qui sommes nous? Chez EFFSEIT ACCESS, nous sommes fiers de notre engagement envers la protection des entreprises contre les menaces num\u00e9riques. Gr\u00e2ce \u00e0 notre expertise et notre exp\u00e9rience dans le domaine de la cybers\u00e9curit\u00e9, nous avons cr\u00e9\u00e9 EFFSEIT ACADEMY pour r\u00e9pondre au besoin grandissant de formation introduisant la s\u00e9curit\u00e9 informatique en entreprise. Histoire de l&rsquo;entreprise&hellip; Lire la suite","og_url":"https:\/\/academy.effseit.com\/?page_id=333","og_site_name":"EFFSEIT ACADEMY","article_modified_time":"2025-07-02T15:07:47+00:00","og_image":[{"width":1640,"height":924,"url":"https:\/\/academy.effseit.com\/wp-content\/uploads\/2024\/05\/effseit_cover.jpg","type":"image\/jpeg"}],"twitter_card":"summary_large_image","twitter_misc":{"Dur\u00e9e de lecture estim\u00e9e":"3 minutes"},"schema":{"@context":"https:\/\/schema.org","@graph":[{"@type":"WebPage","@id":"https:\/\/academy.effseit.com\/?page_id=333","url":"https:\/\/academy.effseit.com\/?page_id=333","name":"Pourquoi EFFSEIT - EFFSEIT ACADEMY","isPartOf":{"@id":"https:\/\/academy.effseit.com\/#website"},"primaryImageOfPage":{"@id":"https:\/\/academy.effseit.com\/?page_id=333#primaryimage"},"image":{"@id":"https:\/\/academy.effseit.com\/?page_id=333#primaryimage"},"thumbnailUrl":"https:\/\/academy.effseit.com\/wp-content\/uploads\/2024\/05\/effseit_cover-1024x577.jpg","datePublished":"2024-05-21T12:06:45+00:00","dateModified":"2025-07-02T15:07:47+00:00","breadcrumb":{"@id":"https:\/\/academy.effseit.com\/?page_id=333#breadcrumb"},"inLanguage":"fr-FR","potentialAction":[{"@type":"ReadAction","target":["https:\/\/academy.effseit.com\/?page_id=333"]}]},{"@type":"ImageObject","inLanguage":"fr-FR","@id":"https:\/\/academy.effseit.com\/?page_id=333#primaryimage","url":"https:\/\/academy.effseit.com\/wp-content\/uploads\/2024\/05\/effseit_cover.jpg","contentUrl":"https:\/\/academy.effseit.com\/wp-content\/uploads\/2024\/05\/effseit_cover.jpg","width":1640,"height":924},{"@type":"BreadcrumbList","@id":"https:\/\/academy.effseit.com\/?page_id=333#breadcrumb","itemListElement":[{"@type":"ListItem","position":1,"name":"Accueil","item":"https:\/\/academy.effseit.com\/"},{"@type":"ListItem","position":2,"name":"Pourquoi EFFSEIT"}]},{"@type":"WebSite","@id":"https:\/\/academy.effseit.com\/#website","url":"https:\/\/academy.effseit.com\/","name":"EFFSEIT ACADEMY","description":"Votre formation, Votre protection","potentialAction":[{"@type":"SearchAction","target":{"@type":"EntryPoint","urlTemplate":"https:\/\/academy.effseit.com\/?s={search_term_string}"},"query-input":{"@type":"PropertyValueSpecification","valueRequired":true,"valueName":"search_term_string"}}],"inLanguage":"fr-FR"}]}},"_links":{"self":[{"href":"https:\/\/academy.effseit.com\/index.php?rest_route=\/wp\/v2\/pages\/333","targetHints":{"allow":["GET"]}}],"collection":[{"href":"https:\/\/academy.effseit.com\/index.php?rest_route=\/wp\/v2\/pages"}],"about":[{"href":"https:\/\/academy.effseit.com\/index.php?rest_route=\/wp\/v2\/types\/page"}],"author":[{"embeddable":true,"href":"https:\/\/academy.effseit.com\/index.php?rest_route=\/wp\/v2\/users\/1"}],"replies":[{"embeddable":true,"href":"https:\/\/academy.effseit.com\/index.php?rest_route=%2Fwp%2Fv2%2Fcomments&post=333"}],"version-history":[{"count":102,"href":"https:\/\/academy.effseit.com\/index.php?rest_route=\/wp\/v2\/pages\/333\/revisions"}],"predecessor-version":[{"id":1909,"href":"https:\/\/academy.effseit.com\/index.php?rest_route=\/wp\/v2\/pages\/333\/revisions\/1909"}],"wp:attachment":[{"href":"https:\/\/academy.effseit.com\/index.php?rest_route=%2Fwp%2Fv2%2Fmedia&parent=333"}],"curies":[{"name":"wp","href":"https:\/\/api.w.org\/{rel}","templated":true}]}}